 p be -3*1*(-8)/k. Give c(p).
0
Let y(z) = 2*z**3 + 4*z**2 - 1. Let m(p) = -p**2 - p. Let g(v) = 2*m(v) + y(v). Let t = -1 - 1. Give g(t).
-5
Let w(x) = 7 - 7 - 3*x - 3 - 1. What is w(-5)?
11
Let x(j) = 3*j**2 - j + 1 - 6*j + 2*j**3 + 4*j + 4*j. Determine x(-2).
-5
Let l(j) = 3*j + 1. Let u(z) = -6*z + 2 + z - 4. Let o(i) = -8*l(i) - 5*u(i). Determine o(-2).
0
Let y(c) = 3*c**2 - 3*c - 4. Let j(x) = -x**2 - 5*x + 17. Let m be j(-7). Give y(m).
14
Let y(k) be the second derivative of -k**4/12 + k**3/2 + 2*k**2 + 10*k. Determine y(3).
4
Let b(u) = -2*u**2 + 1. Let h(v) = -v - 1. Let a be h(-10). Suppose 3*n - 15 = a. Let g = n - 6. What is b(g)?
-7
Let t be 2 - (4 + -2) - -2. Let w(h) = -3*h**3 + h**2 - 2. What is w(t)?
-22
Let k(i) = 9 + 11 + i**2 - 70*i + 69*i. Determine k(0).
20
Let a(k) = -k**3 - 4*k**2 + 6*k + 2. Let j be a(-5). Let n(y) be the third derivative of -y**4/8 - 2*y**3/3 + y**2. What is n(j)?
5
Suppose -5*i = -2 - 13. Let g(j) = j**3 - 4*j**2 + 2*j + 2. What is g(i)?
-1
Let o(l) be the second derivative of l**4/24 - 7*l**3/6 - l**2 - 2*l. Let w(y) be the first derivative of o(y). Calculate w(0).
-7
Let i(o) = 2*o - 5. Let x(f) = 4*f - 3 + 0 - 3*f. Let j(n) = 3*i(n) - 5*x(n). Give j(-4).
-4
Suppose 0 = p + 2, -2*l - 3*p = 7 + 3. Let i(z) = -2*z. Let t(j) = -j. Let d(h) = -4*i(h) + 5*t(h). Determine d(l).
-6
Let d be (-6 - 0)/(6/4). Let q(t) = 685*t + 5*t**2 + 3 - 682*t + 0*t**2 + t**3. Determine q(d).
7
Let o(t) = 13*t + 3*t**2 - 20*t - 2*t**2 - 10. Give o(8).
-2
Suppose 2*s = s + 6. Let p(c) = c**2 - 6*c + 1. Calculate p(s).
1
Let v be -2 - 10/(-4)*2. Let u(t) be the first derivative of t**3/3 + t**2/2 - 3*t - 2. Give u(v).
9
Let u(n) be the first derivative of -n**3/3 - 5*n**2/2 + 7. Let r be 0 + (6 + -2)*-1. Calculate u(r).
4
Let d(i) = -i**2 - i + 3. Suppose 3*o - 15 = 4*o - 4*b, 2*o = -b + 15. Calculate d(o).
-27
Suppose -5*g + 0 = -20. Let q be -1 - -1 - (-6)/2. Let p(j) = 1 + 5*j**2 + 2*j**3 + 0 - 3*j**q - 2*j. What is p(g)?
9
Let p(z) = -4*z - 11. Let v be p(-5). Let i(c) = -5*c - 5 + v*c + 3 + 7. Calculate i(-4).
-11
Suppose -2*a - 24 = 3*n, n + 3*a + 15 = -0*n. Let r(k) = -k + 1. Calculate r(n).
7
Let z(r) = 4*r**2 + r + 1. Let c = 29 + -30. Determine z(c).
4
Let b(p) = 4*p + 7. Let h be b(-3). Let d(u) = u**2 + 6*u + 4. Give d(h).
-1
Let j(z) = -z**3 + 4*z**2 + 5*z + 5. Let i(t) = 3*t**2 - 4. Let g be i(3). Suppose 4*n + 3 = g. What is j(n)?
5
Let l(y) be the first derivative of y**2/2 - 4*y - 1. Let f(g) = g**3 - g**2 - 3*g - 3. Let j be f(3). Calculate l(j).
2
Let s(f) be the first derivative of -f**3/6 + 3*f**2 + 5*f + 4. Let b(u) be the first derivative of s(u). Give b(0).
6
Let l(b) = 5*b + 2. Suppose -4*m - 3*g - 13 - 15 = 0, 4*m = -g - 36. Let u = m - -16. Let j(z) = -4*z - 2. Let f(s) = u*j(s) + 5*l(s). Give f(1).
-1
Let w be (-1*4/6)/((-4)/(-30)). Let v(r) = -r**2 - 10*r - 6. Determine v(w).
19
Let c(x) = 2*x**2 + 3*x + 5. Let r(t) = 3*t**2 + 3*t + 6. Let l(h) = -4*c(h) + 3*r(h). Determine l(5).
8
Let m(f) = -3*f**3 + 3*f + 4*f**3 - 2*f**2 + 4*f**2 + 1. Suppose 0 + 2 = -j. Give m(j).
-5
Let t(h) be the first derivative of -h**3 - h**2/2 + 4. What is t(-1)?
-2
Let n(h) = 17*h**3 + 2*h**2 - 24*h + 55*h - 30*h. Give n(-1).
-16
Suppose 19 + 1 = -4*k. Let b(x) = x**3 - 4*x**2 - 4*x - 7. Let p be b(5). Let h = p - k. Let a(q) = 2*q - 3. Determine a(h).
3
Let p(s) = s**3 + 12*s**2 + 12*s + 11. Let q be p(-11). Let m(w) = -w**3 + w**2 - w - 4. Calculate m(q).
-4
Suppose 0 = 4*z + z - 35. Suppose 0 + 29 = 3*o + 4*p, 0 = o - 2*p + z. Suppose -d - 3*f = 4*d - 17, d - f + o = 0. Let w(j) = j**3 - j**2 - j + 1. What is w(d)?
0
Let j(g) = 3 - 3 + 1 - 15*g. Let p(k) = -7*k + 1. Let r(w) = -6*j(w) + 13*p(w). Let m = 0 + 4. Determine r(m).
3
Let y(o) be the first derivative of -o**2/2 - o + 1. What is y(-1)?
0
Let d(p) be the first derivative of -p**3/3 - 9*p**2/2 - 8. Calculate d(-8).
8
Let d(h) = -2*h**2 - h + 2. Let a(v) be the third derivative of v**5/60 - v**4/4 - v**3/3 - v**2. Let x be a(6). Give d(x).
-4
Suppose 3*p = -2*p - 20. Let d(w) = -42*w**2 + 1 + 41*w**2 - 1 - 2*w. What is d(p)?
-8
Let q be 1/4 - (-21)/(-4). Let y be (-4)/(-10) + 7/q. Let g(u) = 8*u**2 - u - 2. Let z(v) = v**2 - v - 1. Let a(n) = -g(n) + z(n). Determine a(y).
-6
Let o(l) be the third derivative of l**4/24 + 2*l**3/3 - 2*l**2. Suppose -2*k + 36 = -6*k. Let s(v) = -v**2 - 10*v - 9. Let f be s(k). What is o(f)?
4
Suppose 5*k - 2*l - 3*l = -60, -3*k + 2*l = 32. Let r be 12/(-7) + k/28. Let z(s) = -2*s**3 - 4*s**2 - 2 - s + 0*s**2 - 3*s. Calculate z(r).
6
Suppose q + 2*m - 4 = 0, 5 = 2*m - 1. Suppose -4*k = n + 1, -3*n - 3 = 6*k - k. Let d(g) = g**3 + 3 + g + g + k*g**2 + 2*g**2. Determine d(q).
-1
Suppose -15 = 5*q, -2*q + 0 = 4*w + 2. Let j(p) = -p**2 + p + 1. Let y(l) = -5*l - 7. Suppose 5*b + 21 = -9. Let o(h) = b*j(h) - y(h). Calculate o(w).
6
Let f(d) = -6*d + 5. Let q(z) = 7*z - 6. Let l(w) = -6*f(w) - 5*q(w). Let j(b) = 2*b + 22. Let a be j(-8). Determine l(a).
6
Let b(z) be the second derivative of -z**3/2 - z**2/2 - 14*z. Determine b(-2).
5
Suppose 0 = x - 2*l + 8, 4*x + x - 5*l + 20 = 0. Let j = x - 0. Let m(i) = -i + 2 + 0 - 4 - 3. Calculate m(j).
-5
Let q(a) be the first derivative of 11*a**4/2 + a**3/3 - a**2 + a + 35. Determine q(1).
22
Let a(v) be the third derivative of v**5/60 - 11*v**4/24 + 4*v**3/3 + 56*v**2. Calculate a(9).
-10
Let l be 2/4 + 7/(-2). Let g be (-12)/(-9)*l/2. Let d(i) = -5*i - 2. Calculate d(g).
8
Let v(d) be the second derivative of -d**4/12 - d**3 - 6*d**2 - 8*d. Let m be v(-5). Let k(w) = -2*w - 9. Give k(m).
5
Let w(y) = 6*y**2 + 25*y - 4. Let s(u) = u**2 + 5*u - 1. Let v(c) = -11*s(c) + 2*w(c). Give v(4).
-1
Let b(i) = -i**3 + 4*i**2 - 2*i - 2. Let o = -43 + 46. Give b(o).
1
Let p(k) = 6*k - 31. Let b(y) = 9*y - 47. Let m(v) = 5*b(v) - 8*p(v). Determine m(9).
-14
Let q(p) = 1 + 4*p - 2 - 2*p. Let v(i) = i**2 - 5. Let d be v(4). Let k = 8 - d. Give q(k).
-7
Let o(d) be the first derivative of d**5/120 + d**4/24 + d**3 - 5. Let f(q) be the third derivative of o(q). What is f(-3)?
-2
Suppose m = -2*m + 5*i - 1, 3*m - 7 = i. Let y(p) = -p**2 + 3*p + 2. Give y(m).
2
Let s(h) = -h**2 + 9*h - 5. Suppose -2*p - 18 = -5*p. What is s(p)?
13
Suppose 0 = -4*v - 2*g + 20, 4*v + 2*g + g - 24 = 0. Let t(z) = 4*z**3 + 5*z - 2*z**3 + z**3 - 6*z**2 - 2*z**v + 5. Let r be 14/3 + (-1)/(-3). What is t(r)?
5
Let f(n) = -n**2 - 5*n - 7. Suppose 3*c - 49 = -67. What is f(c)?
-13
Let a(y) = -y + 1. Let n(o) = o**3 + 4*o**2 + o - 1. Let t be n(-3). Determine a(t).
-4
Let g(z) = -29*z**2 - 9*z - 9. Let i(w) = 14*w**2 + 4*w + 4. Let t(m) = -3*g(m) - 7*i(m). What is t(-1)?
-11
Let g(u) = u**2 + u - 1. Let b(c) = c**2 + 1. Let s(z) = b(z) - 2*g(z). Let o = 1 + 0. Suppose o = -t - 3. Give s(t).
-5
Let g(a) = a**2 + 4*a - 1. Suppose 0 = -3*h, 0*s + 8 = s + 4*h. Suppose 4*u - s*u = 20, u = 4*f + 15. Determine g(f).
4
Suppose 0*p - 3*p = -f + 7, -p - 5*f = 29. Let h(y) = y - 1. What is h(p)?
-5
Let y(o) = -o**2 + o. Let w(s) = s**3 + 6*s**2 - 8*s - 13. Let b(q) = w(q) - 3*y(q). Give b(-10).
-3
Let v(j) = j - 3. Suppose 12 = -3*p + 21. Determine v(p).
0
Suppose 7*u = 36 - 1. Let s(b) = b**2 - 5*b - 7. What is s(u)?
-7
Suppose -3*v + 8 = -1. Let g(k) = 0*k + 2*k - 3*k - 1. Determine g(v).
-4
Let p = 6 + -3. Suppose 3*u - 5 = -2. Let b(t) = p + u + 0*t - 3*t + t**2. Determine b(3).
4
Let k(v) = v + 4. Suppose m = -5*f - 13, -3*m = f + f. Let q be k(f). Let y(x) = 3*x - 1. Calculate y(q).
2
Let m(c) = -c**3 - 9*c**2 + 10*c + 2. Let p be m(-10). Let o(n) = 3*n**2 - 4*n + 2. Determine o(p).
6
Let s(k) = 20*k**3 + 14*k + 41. Let j(x) = 7*x**3 + 5*x + 14. Let i(d) = 17*j(d) - 6*s(d). Suppose 12*z = 14*z. Calculate i(z).
-8
Let p(w) = w - w**2 + 0*w + 10*w**2 - 10*w**2. What is p(2)?
-2
Let j(m) = m + 1. Let c(q) = -4*q - 8. Let y(h) = c(h) + 6*j(h). Determine y(5).
8
Suppose -w = -2*f + 11, 5*f - 4*w = 4*f + 16. Let j(k) be the first derivative of -k**2/2 + 5*k + 2. Give j(f).
1
Let l(t) = -2*t**3 - 3*t**2 + 4*t + 2. Let f = 59 - 62. Determine l(f).
17
Let k(f) = f**3 + 2*f + 5. Let c be k(0). Let o(x) = 3*x - 2. What is o(c)?
13
Let a(j) = -j**2 - 3*j - 8. Let q(p) = 3*p**2 + 9*p + 25. Let r(i) = -7*a(i) - 2*q(i). Determine r(-4).
10
Let k(y) 